 Let k(p) = 13*p - 1. Let q(g) = 18*k(g) - 4*o(g). Determine q(1).
16
Let l(q) = q**2 - 4*q + 4. Let g be l(2). Suppose g = -2*v - 1 + 3. Let m(p) = 44*p + 9. Let o(d) = 8*d + 2. Let c(y) = m(y) - 5*o(y). What is c(v)?
3
Let q(p) be the third derivative of 1/2*p**3 + 0 + 193*p**2 + 0*p + 1/12*p**4. Calculate q(0).
3
Let d(a) be the second derivative of -14*a**3/3 + a**2/2 + 4*a + 957. Determine d(0).
1
Suppose 26*f + 7*f = 16*f + 204. Let g(x) = -3*x**2 + 34*x + 16. What is g(f)?
-8
Suppose 5*h + 6 = -b - 42, -2*h = 3*b + 14. Let v = h + 16. Suppose 3*u + 15 = d - 3*d, -5*u + 3*d = v. Let o(q) = q**3 + 3*q**2 - 2*q - 3. Calculate o(u).
3
Suppose 0 = 95*o + 42*o - 11*o - 2646. Let y(m) be the second derivative of -7/6*m**3 + 0*m**2 - 1/12*m**4 + 0 - o*m. Determine y(-7).
0
Let f(u) = -2*u + 4. Let x(a) = a**2 - a - 1. Let j be x(-7). Let c be (j/5 - 19)*1/(-2). Calculate f(c).
-4
Let d be 5 + ((-1)/(8/(-12)))/((-6)/56). Let h(y) = y**3 + 9*y**2 + y - 7. Determine h(d).
-16
Let t(n) be the third derivative of 0 - 68*n**2 + 0*n + 1/30*n**5 - 1/6*n**3 - 1/24*n**4. Calculate t(-2).
9
Let g(m) = m + 15. Suppose -898 = 8*a - 938. Calculate g(a).
20
Let i be (721/(-240) + 3)/((39/2)/(-39)). Let m(b) be the third derivative of i*b**6 + 0*b + 0 - 27*b**2 + 1/12*b**4 - 1/6*b**3 - 1/10*b**5. Give m(6).
11
Let r(g) = 5*g**2 + 23*g + 15. Let d(l) = 20*l**2 + 97*l + 52. Let s(n) = -4*d(n) + 15*r(n). Give s(-9).
-1
Let v(w) = -95*w + 91. Let r(q) = -102*q + 92. Let f(x) = 13*r(x) - 14*v(x). Determine f(21).
6
Let u(m) = -m**2 + 6*m - 6. Let b(s) = -35*s + 15. Let q be b(7). Let l = q + 233. Calculate u(l).
3
Let u(g) = 13*g - 2. Let v(n) = 34*n - 6. Let i(r) = -5*r**2 - 3. Let j be i(0). Let c(h) = j*v(h) + 8*u(h). Let d = 4 + -7. Determine c(d).
-4
Let w(z) = -z**3 + 10*z**2 - 2*z + 4. Let i be w(10). Suppose -5*h - 70 = 10. Let n = i - h. Let u(p) = -p - 4. What is u(n)?
-4
Let i(l) = -2*l**2 + 21*l - 40. Let q(z) = -3*z**2 + 21*z - 40. Let p(g) = -4*i(g) + 3*q(g). Let t be p(-23). Let a(s) = s**2 + 3*s - 5. Determine a(t).
13
Let d(z) = 0 - 13702*z**2 + 13698*z**2 + 4 + 3*z. Let l(m) = -8*m**2 + 7*m + 9. Let i(j) = 9*d(j) - 4*l(j). Calculate i(1).
-5
Let i(d) be the second derivative of d**7/840 + d**6/60 - d**5/40 + d**4/6 + 7*d**3/6 + 13*d. Let u(v) be the second derivative of i(v). What is u(-6)?
22
Let a(s) be the first derivative of s**2 + 13*s - 3306. What is a(-14)?
-15
Let h(v) = 22*v - 9. Let b(x) = 9*x - 1. Let q(w) = 3*b(w) - h(w). Let i be (-92)/(-14) + 16/(-28). Give q(i).
36
Let p(f) be the second derivative of -f**4/12 - 4*f**3/3 + 9*f**2/2 + 797*f. Suppose -1 - 13 = m. Let x = -22 - m. Determine p(x).
9
Suppose -2*m + 8 = -4*m. Let k be 2 + (16/m - 1). Let b(n) = -36 - n + 17 + 17. What is b(k)?
1
Let v = -31466 - -31466. Let f(n) = 3*n - 3*n - 2 + n. Give f(v).
-2
Let w(o) = 208*o + 76. Let f(s) = -97*s - 38. Let v(n) = 15*f(n) + 7*w(n). What is v(18)?
-20
Let a = 22088 - 22097. Let c(t) be the second derivative of t**3/3 + 5*t**2/2 - 8*t. Give c(a).
-13
Let f(v) = -v**2 - v. Let c(k) = 8*k. Let p(r) = -c(r) - f(r). Let m = -19893 - -19899. What is p(m)?
-6
Suppose 0 = 70*f + 1052 - 352. Let k(y) = y**2 + 23*y + 122. Calculate k(f).
-8
Let y(r) = -190*r - 15. Let a(c) = 44*c + 4. Let z(q) = -26*a(q) - 6*y(q). What is z(-3)?
-2
Let o(y) = 4*y**2 - 9*y + 6. Let d(q) = q**2 - 1. Let c(i) = -3*d(i) + o(i). Give c(7).
-5
Let n(q) = -q**3 + 3*q**2 + 323*q - 1279. Let u be n(4). Let x(y) = -43*y - 120. What is x(u)?
9
Let r(p) be the second derivative of p**4/12 - 2*p**3/3 - 9*p**2/2 + 8*p. Let k(w) = 7*w - 6. Let m be k(-9). Let j = 76 + m. Give r(j).
12
Let g(w) = 13*w - 159. Let k be g(12). Let m be -13 - 3*5/k. Let j(i) = -i**3 - 9*i**2 - 5*i + 7. What is j(m)?
-17
Suppose -144*h + 116*h = -1568. Let u(y) = 0 + y**2 + 6 - 65*y + h*y - 5*y**2 + 5*y**2. Let d(t) = t. Let p be d(7). Calculate u(p).
-8
Let i(l) = 49*l**2 + 3265 - 7*l**2 - l**3 - 6488 + 3267 - 20*l - 61*l. Calculate i(40).
4
Let u(y) be the second derivative of -5/12*y**4 - 3/2*y**2 + 0 + 1/10*y**5 + 1/2*y**3 - 23*y. Let h(b) = b**3 - 14*b**2 - 32*b + 3. Let s be h(16). Give u(s).
15
Let c = 554 - 381. Let g(m) = -89 - 84 + c - m. Determine g(-2).
2
Let k(l) = -483*l - 91. Let i(w) = -16*w - 3. Let u(a) = -182*i(a) + 6*k(a). Determine u(1).
14
Let t(x) = -256 + 522 - x**2 - 17*x - 254 + x**3 + 18*x. Suppose 0 = 3*a + a. Give t(a).
12
Let m(h) = -34*h**2 + 82*h**2 - 2*h - 1 + 24 - 49*h**2 - 10*h. Determine m(-12).
23
Let a(h) = -h**2 + 18*h - 19. Let t(r) = -2*r**2 + 35*r - 38. Let z(x) = -7*a(x) + 3*t(x). What is z(18)?
-35
Let o(r) = -r - 1. Let q(m) = m**2 - 16. Let x = 11 - 28. Let k(y) = y**3 + 18*y**2 + 17*y + 1. Let v be k(x). Let b(u) = v*q(u) - 6*o(u). Determine b(-7).
-3
Let c(k) be the first derivative of k**5/120 + k**3/3 - 1. Let h(q) be the third derivative of c(q). Let w = 13342 + -13337. Determine h(w).
5
Suppose 4*u = 2 + 70. Let r be (-1 + u)/((-2)/(-4)). Let z be r/10 - 2 - 6/15. Let m(o) = -12*o. Calculate m(z).
-12
Let g(o) = -5*o - 1. Suppose -5*y - 5 = 5, -3*y = 4*s - 6. Suppose -s*z = -3*z + 7*z. Suppose f = -3*j - 8, z*f - 12 = 5*j + 3*f. Calculate g(j).
14
Let v(y) = -11 + 200*y + 211*y + 203*y - 613*y. Give v(2).
-9
Let g(z) = 2*z**2 - 20*z - 20. Let p be g(11). Let f(a) = 82 - a**p - a - 90 - 6*a. What is f(-4)?
4
Let k(l) be the first derivative of l**3/3 - 5*l**2 - 4*l + 10. Suppose r - 3 - 2 = 0. Suppose 2*q = r*s + 3*q - 50, q = -2*s + 20. Determine k(s).
-4
Let z(d) = d**2 - 19*d + 55. Let m be z(15). Let q(b) be the second derivative of -b**4/12 - 2*b**3/3 - 2*b**2 + 2*b. Determine q(m).
-9
Let l(d) = d**3 - 7*d**2 - 6*d - 5. Let t(q) = 2*q**2 + 3*q - 9. Let w be t(2). Let k be 43/1 + -1 + -1. Suppose k = 4*x + 3*m, w*m = x + 4 + 3. What is l(x)?
11
Let j(a) = 9*a**2 - 2*a - 6. Let z = -6535 - -6533. What is j(z)?
34
Let i be ((-18)/15)/((-7)/5)*-14. Let l be (-1 + -5)*(0 - 8/i). Let u(y) = -y**3 - 4*y**2 - 3*y - 2. Give u(l).
10
Let o(c) = -c - 5. Let q = 40 - 61. Let h be (-18)/(-42) - 369/q. Suppose 2*g - 6 + h = 0. Determine o(g).
1
Suppose 7 = -2*k - 5*k. Let v(b) = 7*b**2 + 5*b - 64. Let t(q) = 2*q**2 + 2*q - 23. Let x(o) = -11*t(o) + 4*v(o). Give x(k).
5
Let x(i) = i + 2. Suppose 126*y + 42 = 128*y. Suppose -2*f = w - 13, -3*f + 0*w - 2*w + y = 0. Calculate x(f).
7
Let q(m) be the first derivative of -m**5/20 + m**3/6 - 2*m**2 + 252*m - 248. Let p(k) be the first derivative of q(k). What is p(-3)?
20
Let l(c) = c**3 - 5*c**2 + c - 7. Suppose 0 = -3*o - t - 23, 2*t - 36 = -o - 47. Let d be (-814)/(-154) - (-2)/o. Calculate l(d).
-2
Let m(j) = -j**2 - 21*j - 25. Let q(k) = 4*k**3 + 26*k**2 - 4*k + 50. Let p be q(-7). What is m(p)?
-5
Let c = -49 + 58. Let b(k) = -5 + k**2 + 7*k + 12 - c. What is b(-8)?
6
Suppose 5*p + 17*w = 13*w + 21, -w = 7*p - 11. Let c(g) = g**2 - 9*g + 9. Calculate c(p).
1
Let l(i) = 3*i**2 + 4*i. Let x be 6/(-45) - 174/45. Let h(d) = 4*d**2 + 5*d + 1. Let o(s) = x*h(s) + 5*l(s). Let q be (-10)/(-2) - (-12 + 20). Calculate o(q).
-13
Suppose -216*u = 7*h - 213*u - 61, -5*h - 5*u + 55 = 0. Let r(i) = i**2 + 7*i - 54. Determine r(h).
44
Let d(g) = -g + 16 + 8 - 7. Let q(k) = -22046*k + 110238. Let n be q(5). Determine d(n).
9
Let d(f) = -15 - 3*f**2 + 4089*f + 12*f**2 + 3*f**2 - 4078*f - f**3. What is d(13)?
-41
Suppose 5*u - 4*h - 346 = 0, 5*h + 275 = 2*u + 2*u. Suppose -16*o + 26 = -u. Let a(r) = 2*r - 3 - 4*r + 6. Calculate a(o).
-9
Let z(k) = 3*k**2 - 27*k + 28. Let a be z(22). Let b be a + (-15)/(-25)*5. Let s(w) = b - 889 - w**2. What is s(0)?
0
Let q(x) = 2*x - 15. Suppose 23*a + 227 - 89 = 0. Give q(a).
-27
Let y(v) be the second derivative of -2*v**3/3 - 8*v**2 + 316601*v. Let r be (-34)/6 - 2/(-3). Give y(r).
4
Let m = -16 + 20. Suppose -m*z = 2*z - 66. Suppose -10*f - z - 49 = 0. Let v(k) = -k**3 - 7*k**2 - 9*k - 2. Determine v(f).
16
Let z(i) = -3*i + 21*i**3 + 2*i + 9*i**3 + 14*i**3. Let v(n) = -23*n - 116. Let h be v(-5). Calculate z(h).
-43
Let v(u) = 14*u**2 - 57*u + 115. Let p(c) = -5*c**2 + 20*c - 37. Let x(h) = 17*p(h) + 6*v(h). Give x(7).
-2
Let d(r) = r**3 - 16*r**2 - 5*r - 37. Let i(p) = 8*p**3 - 127*p**2 - 43*p - 283. Let y(w) = -23*d(w) + 3*i(w). Let z = 23 + -9. What is y(z)?
2
Let h = 636 + -61